{"id":374,"date":"2024-02-07T11:35:12","date_gmt":"2024-02-07T02:35:12","guid":{"rendered":"https:\/\/mbrain-server.hippy.jp\/hoso3\/?page_id=374"},"modified":"2024-05-07T16:09:16","modified_gmt":"2024-05-07T07:09:16","slug":"materiality3","status":"publish","type":"page","link":"https:\/\/hosojapan.co.jp\/vietnamese\/sustainability\/materiality3\/","title":{"rendered":"X\u00e2y d\u1ef1ng c\u01a1 ch\u1ebf qu\u1ea3n l\u00fd linh ho\u1ea1t"},"content":{"rendered":"<h3 class=\"styled_h3\"><span style=\"font-size: 60%;\">MATERIALITY 03<\/span><br \/>\nX\u00e2y d\u1ef1ng c\u01a1 ch\u1ebf qu\u1ea3n l\u00fd linh ho\u1ea1t<\/h3>\n<p>Ch\u00fang t\u00f4i \u0111\u00e3 thi\u1ebft l\u1eadp c\u00e1c ch\u00ednh s\u00e1ch sau cho c\u00e1c ho\u1ea1t \u0111\u1ed9ng kinh doanh c\u1ee7a m\u00ecnh v\u00e0 s\u1ebd t\u00edch c\u1ef1c th\u1ef1c hi\u1ec7n c\u00e1c ch\u00ednh s\u00e1ch n\u00e0y trong qu\u1ea3n l\u00fd linh ho\u1ea1t <\/p>\n<div class=\"post_row inview slide_up_animation animate\">\n<div class=\"post_col post_col-2\">\n<img loading=\"lazy\" decoding=\"async\" src=\"https:\/\/hosojapan.co.jp\/wp-content\/uploads\/2024\/02\/pixta_96982769_S.jpg\" alt=\"\" width=\"450\" height=\"300\" class=\"aligncenter size-full wp-image-394\" srcset=\"https:\/\/hosojapan.co.jp\/vietnamese\/wp-content\/uploads\/2024\/02\/pixta_96982769_S.jpg 450w, https:\/\/hosojapan.co.jp\/vietnamese\/wp-content\/uploads\/2024\/02\/pixta_96982769_S-300x200.jpg 300w\" sizes=\"auto, (max-width: 450px) 100vw, 450px\" \/>\n<\/div>\n<div class=\"post_col post_col-2 slide_up_animation\">\n<div class=\"q_frame q_frame1\"><span class=\"q_frame_label\"><\/span>Ph\u01b0\u01a1ng ch\u00e2m ho\u1ea1t \u0111\u1ed9ng<br \/>\n\u2022 T\u00f4n tr\u1ecdng nh\u00e2n quy\u1ec1n c\u1ee7a nh\u00e2n vi\u00ean v\u00e0 t\u1ea1o m\u00f4i tr\u01b0\u1eddng l\u00e0m vi\u1ec7c t\u1ed1t<br \/>\n\u2022 C\u1ea3i thi\u1ec7n t\u1ef7 l\u1ec7 lao \u0111\u1ed9ng n\u1eef (nh\u00e2n vi\u00ean v\u00e0 qu\u1ea3n l\u00fd)<br \/>\n\u2022 \u0110\u1ea9y m\u1ea1nh vi\u1ec7c l\u00e0m cho ng\u01b0\u1eddi n\u01b0\u1edbc ngo\u00e0i<br \/>\n\u2022 \u0110\u1ea9y m\u1ea1nh vi\u1ec7c l\u00e0m cho ng\u01b0\u1eddi khuy\u1ebft t\u1eadt v\u00e0 th\u00fac \u0111\u1ea9y c\u00e1c ch\u00ednh s\u00e1ch h\u1ed7 tr\u1ee3  l\u00e0m vi\u1ec7c \u0111\u1ed9c l\u1eadp c\u1ee7a h\u1ecd<br \/>\n\u2022 \u0110\u1ea9y m\u1ea1nh vi\u1ec7c l\u00e0m cho ng\u01b0\u1eddi l\u1edbn tu\u1ed5i<br \/>\n\u2022 B\u00e3i b\u1ecf ch\u1ebf \u0111\u1ed9 ngh\u1ec9 h\u01b0u<\/div>\n<div class=\"q_frame q_frame3\"><span class=\"q_frame_label\">KPI\u30fbSDGs<\/span>X\u00e2y d\u1ef1ng h\u1ec7 th\u1ed1ng nh\u00e2n s\u1ef1 kh\u00f4ng ph\u00e2n bi\u1ec7t gi\u1edbi t\u00ednh, qu\u1ed1c t\u1ecbch, ch\u1ee7ng t\u1ed9c&#8230; v\u00e0o n\u0103m 2030<br \/>\n\u2022 T\u1ef7 l\u1ec7 lao \u0111\u1ed9ng n\u1eef \u0111\u1ebfn n\u0103m 2030: 40% (36% v\u00e0o n\u0103m 2021)<br \/>\n\u2022 S\u1ed1 l\u01b0\u1ee3ng nh\u00e2n vi\u00ean n\u01b0\u1edbc ngo\u00e0i t\u1ea1i Nh\u1eadt B\u1ea3n \u0111\u1ebfn n\u0103m 2030: 60 (39 v\u00e0o n\u0103m 2021)<br \/>\n\u2022 S\u1ed1 l\u01b0\u1ee3ng nh\u00e2n vi\u00ean khuy\u1ebft t\u1eadt \u0111\u1ebfn n\u0103m 2030: 46 (41 v\u00e0o n\u0103m 2021)<\/div>\n<p><img loading=\"lazy\" decoding=\"async\" src=\"http:\/\/hosojapan.co.jp\/vietnamese\/wp-content\/uploads\/2024\/05\/sdsg03.jpg\" alt=\"\" width=\"445\" height=\"100\" class=\"aligncenter size-full wp-image-1518\" srcset=\"https:\/\/hosojapan.co.jp\/vietnamese\/wp-content\/uploads\/2024\/05\/sdsg03.jpg 445w, https:\/\/hosojapan.co.jp\/vietnamese\/wp-content\/uploads\/2024\/05\/sdsg03-300x67.jpg 300w\" sizes=\"auto, (max-width: 445px) 100vw, 445px\" \/>\n<\/div>\n<\/div>\n<h4 class=\"styled_h4\">HOAO (doanh nghi\u1ec7p h\u1ed7 tr\u1ee3 vi\u1ec7c l\u00e0m li\u00ean t\u1ee5c lo\u1ea1i A)<\/h4>\n<div class=\"post_row\">\n<div class=\"post_col post_col-2\">\n<p>Ch\u00fang t\u00f4i kh\u00f4ng quan t\u00e2m \u0111\u1ebfn ng\u01b0\u1eddi c\u00f3 khuy\u1ebft t\u1eadt hay c\u00f3 c\u00f9ng qu\u1ed1c t\u1ecbch hay kh\u00f4ng, b\u1eb1ng c\u00e1ch t\u1ea1o ra m\u00f4i tr\u01b0\u1eddng m\u00e0 m\u1ecdi ng\u01b0\u1eddi \u0111\u1ec1u c\u00f3 th\u1ec3 thu\u1eadn ti\u1ec7n khi l\u00e0m vi\u1ec7c, ch\u00fang t\u00f4i mu\u1ed1n l\u00e0m nhi\u1ec1u ng\u01b0\u1eddi c\u00f3 th\u1ec3 s\u1eed d\u1ee5ng tr\u00ed tu\u1ec7 v\u00e0 kinh nghi\u1ec7m c\u1ee7a m\u00ecnh \u0111\u01b0\u1ee3c linh ho\u1ea1t h\u01a1n trong c\u00f4ng ty c\u1ee7a ch\u00fang t\u00f4i.<\/p>\n<p>6\/2014 HOAO \u0111\u01b0\u1ee3c th\u00e0nh l\u1eadp v\u1edbi t\u01b0 c\u00e1ch l\u00e0 doanh nghi\u1ec7p h\u1ed7 tr\u1ee3 vi\u1ec7c l\u00e0m li\u00ean t\u1ee5c lo\u1ea1i A. Ch\u1ee7 y\u1ebfu th\u1ef1c hi\u1ec7n ki\u1ec3m tra v\u00e0 \u0111\u00f3ng g\u00f3i c\u00e1c s\u1ea3n ph\u1ea9m g\u1ed7 nh\u01b0 qu\u1ea7y b\u1ebfp, c\u00e1c c\u00f4ng vi\u1ec7c nh\u1eb9 nh\u01b0 \u0111\u00f3ng g\u00f3i v\u1eadt li\u1ec7u \u0111i k\u00e8m v\u00e0 g\u1ea5p t\u00e0i li\u1ec7u x\u00e2y d\u1ef1ng c\u0169ng nh\u01b0 c\u00e1c c\u00f4ng vi\u1ec7c tr\u00ean m\u00e1y t\u00ednh nh\u01b0 CAD v\u00e0 t\u1ea1o t\u00e0i li\u1ec7u.<\/p>\n<p>\u25bc Trang ch\u1ee7 HOAO<br \/>\n<a href=\"http:\/\/www.hoao.jp\" rel=\"noopener\" target=\"_blank\">http:\/\/www.hoao.jp<\/a>\n<\/div>\n<div class=\"post_col post_col-2\"><img loading=\"lazy\" decoding=\"async\" src=\"https:\/\/hosojapan.co.jp\/wp-content\/uploads\/2024\/02\/haogaikan.jpg\" alt=\"\" width=\"600\" height=\"400\" class=\"aligncenter size-full wp-image-428\" srcset=\"https:\/\/hosojapan.co.jp\/vietnamese\/wp-content\/uploads\/2024\/02\/haogaikan.jpg 600w, https:\/\/hosojapan.co.jp\/vietnamese\/wp-content\/uploads\/2024\/02\/haogaikan-300x200.jpg 300w\" sizes=\"auto, (max-width: 600px) 100vw, 600px\" \/><\/div>\n<\/div>\n<div class=\"su-divider su-divider-style-dotted\" style=\"margin:50px 0;border-width:1px;border-color:#cccccc\"><\/div>\n<div class=\"post_row\">\n<div class=\"post_col post_col-3\"><a href=\"https:\/\/hosojapan.co.jp\/vietnamese\/sustainability\/materiality\/\"><img loading=\"lazy\" decoding=\"async\" src=\"http:\/\/hosojapan.co.jp\/vietnamese\/wp-content\/uploads\/2024\/05\/hoso_SDGs_01_vn.png\" alt=\"\" width=\"580\" height=\"200\" class=\"alignnone size-full wp-image-1510\" srcset=\"https:\/\/hosojapan.co.jp\/vietnamese\/wp-content\/uploads\/2024\/05\/hoso_SDGs_01_vn.png 580w, https:\/\/hosojapan.co.jp\/vietnamese\/wp-content\/uploads\/2024\/05\/hoso_SDGs_01_vn-300x103.png 300w\" sizes=\"auto, (max-width: 580px) 100vw, 580px\" \/><\/a><\/div>\n<div class=\"post_col post_col-3\"><a href=\"https:\/\/hosojapan.co.jp\/vietnamese\/sustainability\/materiality2\/\"><img loading=\"lazy\" decoding=\"async\" src=\"http:\/\/hosojapan.co.jp\/vietnamese\/wp-content\/uploads\/2024\/05\/hoso_SDGs_02_vn.png\" alt=\"\" width=\"580\" height=\"200\" class=\"alignnone size-full wp-image-1509\" srcset=\"https:\/\/hosojapan.co.jp\/vietnamese\/wp-content\/uploads\/2024\/05\/hoso_SDGs_02_vn.png 580w, https:\/\/hosojapan.co.jp\/vietnamese\/wp-content\/uploads\/2024\/05\/hoso_SDGs_02_vn-300x103.png 300w\" sizes=\"auto, (max-width: 580px) 100vw, 580px\" \/><\/a><\/div>\n<div class=\"post_col post_col-3\"><a href=\"https:\/\/hosojapan.co.jp\/vietnamese\/sustainability\/materiality4\/\"><img loading=\"lazy\" decoding=\"async\" src=\"http:\/\/hosojapan.co.jp\/vietnamese\/wp-content\/uploads\/2024\/05\/hoso_SDGs_04_vn.png\" alt=\"\" width=\"580\" height=\"200\" class=\"alignnone size-full wp-image-1507\" srcset=\"https:\/\/hosojapan.co.jp\/vietnamese\/wp-content\/uploads\/2024\/05\/hoso_SDGs_04_vn.png 580w, https:\/\/hosojapan.co.jp\/vietnamese\/wp-content\/uploads\/2024\/05\/hoso_SDGs_04_vn-300x103.png 300w\" sizes=\"auto, (max-width: 580px) 100vw, 580px\" \/><\/a><\/div>\n<\/div>\n","protected":false},"excerpt":{"rendered":"MATERIALITY 03 X\u00e2y d\u1ef1ng c\u01a1 ch\u1ebf qu\u1ea3n l\u00fd linh ho\u1ea1t Ch\u00fang t\u00f4i \u0111\u00e3 thi\u1ebft l\u1eadp c\u00e1c ch\u00ednh s\u00e1ch sau cho c\u00e1c ho\u1ea1t \u0111\u1ed9ng kinh doanh c\u1ee7a m\u00ecnh v\u00e0 s\u1ebd t\u00edch c\u1ef1c th\u1ef1c hi\u1ec7n c\u00e1c ch\u00ednh s\u00e1ch n\u00e0y trong qu\u1ea3n l\u00fd linh ho\u1ea1t Ph\u01b0\u01a1ng ch\u00e2m ho\u1ea1t \u0111\u1ed9ng \u2022 T\u00f4n tr\u1ecdng nh\u00e2n quy\u1ec1n c\u1ee7a nh\u00e2n vi\u00ean v\u00e0 [&hellip;]","protected":false},"author":1,"featured_media":0,"parent":47,"menu_order":6,"comment_status":"closed","ping_status":"closed","template":"","meta":{"footnotes":""},"class_list":["post-374","page","type-page","status-publish","hentry"],"_links":{"self":[{"href":"https:\/\/hosojapan.co.jp\/vietnamese\/wp-json\/wp\/v2\/pages\/374","targetHints":{"allow":["GET"]}}],"collection":[{"href":"https:\/\/hosojapan.co.jp\/vietnamese\/wp-json\/wp\/v2\/pages"}],"about":[{"href":"https:\/\/hosojapan.co.jp\/vietnamese\/wp-json\/wp\/v2\/types\/page"}],"author":[{"embeddable":true,"href":"https:\/\/hosojapan.co.jp\/vietnamese\/wp-json\/wp\/v2\/users\/1"}],"replies":[{"embeddable":true,"href":"https:\/\/hosojapan.co.jp\/vietnamese\/wp-json\/wp\/v2\/comments?post=374"}],"version-history":[{"count":26,"href":"https:\/\/hosojapan.co.jp\/vietnamese\/wp-json\/wp\/v2\/pages\/374\/revisions"}],"predecessor-version":[{"id":1523,"href":"https:\/\/hosojapan.co.jp\/vietnamese\/wp-json\/wp\/v2\/pages\/374\/revisions\/1523"}],"up":[{"embeddable":true,"href":"https:\/\/hosojapan.co.jp\/vietnamese\/wp-json\/wp\/v2\/pages\/47"}],"wp:attachment":[{"href":"https:\/\/hosojapan.co.jp\/vietnamese\/wp-json\/wp\/v2\/media?parent=374"}],"curies":[{"name":"wp","href":"https:\/\/api.w.org\/{rel}","templated":true}]}}